*w + 192. Let t be b(-9). Let v(x) = -89 + 16*x + t - 17*x + x**2. Give v(i).
16
Let y(p) = p**3 - 29*p**2 + 2*p - 47. Suppose -500 - 631 = -39*i. Calculate y(i).
11
Let l(b) = 3*b**2 + 4*b + 2. Suppose -5*u + u = 16. Let t be (u/10)/(10/50). What is l(t)?
6
Let k = -36996 + 37000. Let n(b) be the second derivative of b**4/12 - b**3/3 + b**2 + b. What is n(k)?
10
Let c = -647 + 653. Let t(z) = -z**3 - 348 - 4*z - 349 + 6*z**2 + 692 + z**2. Calculate t(c).
7
Let o(t) be the first derivative of -3*t**2 + 26*t + 1197. What is o(4)?
2
Let m(a) be the first derivative of -a**4 - 55*a**3/3 + 11*a**2/2 - 46*a + 2319. Give m(-14).
-4
Let a(s) = s + 5. Suppose 20*h = 19*h + 2. Suppose -3*v + 0*p = h*p + 36, -3*v - 4*p - 30 = 0. Calculate a(v).
-9
Let g(d) = d**3 + 176*d**2 + 9. Let s(y) = 30*y**2 + 1. Let i(v) = g(v) - 6*s(v). Let o be (8 - 2 - 1) + -1. Determine i(o).
3
Let v(f) = -5*f**2 - f + 9. Let d(n) = 2*n**2 - 1. Let c(i) = -4*i**2 - 19*i + 6. Let q be c(-5). Let p(y) = q*v(y) + 3*d(y). What is p(0)?
6
Let s be ((-6)/(-10))/((-7)/(-1890)). Let h = s + -170. Let n(a) = 2*a + 16. Let o(r) = r + 8. Let g(y) = -2*n(y) + 5*o(y). Determine g(h).
0
Let j be (8/(-1))/(-2*(-1)/(-1)). Let a(r) = -3*r**2 + 13*r + 5. Determine a(j).
9
Let o(h) = -4*h**2 - 5*h - 3. Let d(y) = -y**2 + 3*y**2 + 3*y**2 + 4*y + 4. Let x be 1/(-3)*(73 - 91). Let i(k) = x*o(k) + 5*d(k). Determine i(8).
-14
Let n(i) = -11*i**3 + 3 - 31*i - 27 + 27*i + 20. Calculate n(-2).
92
Let f(p) = 9 - 7 - 5*p - p. Let n = 2817 - 2813. Give f(n).
-22
Let i(u) be the first derivative of u**2/2 - 3*u + 12. Suppose 18 = 5*r - 4*q, 3*q + 3 - 6 = r. Suppose 0 = f - r*f - 15. Calculate i(f).
-6
Let n(u) = 4*u + 3. Let d(b) = b**2 + b + 1. Let x = -493 + 494. Let l(m) = x*n(m) - d(m). Suppose 0 = 5*p - 4*s - 19, 3*s = 5*p + 6*s - 12. Give l(p).
2
Let l(s) = -63 + 61 - 38*s + 0*s**2 + 41*s - s**2. Let n = -1 + 6. What is l(n)?
-12
Let l be (90/(-8))/((-2)/(-24)) - 2. Let k = l + 73. Let i = -63 - k. Let w(r) = -8*r**3 - r**2. Calculate w(i).
-9
Let r = 41902 + -41910. Let m(n) = 3*n**2 + 24*n + 21. Determine m(r).
21
Suppose -3*f + t - 167 = 0, 4*f + 5*t = 3*f - 61. Let j be 5/(100/f)*(-16 - -1). Let o be ((-2)/(-2))/((-14)/j). Let y(m) = m**2 + 3*m - 1. Give y(o).
-1
Let a(j) be the third derivative of -7*j**5/20 + j**4/12 - j**3/6 - 9*j**2. Let m = -591 - -592. Give a(m).
-20
Suppose 4*o + 0 - 16 = 0. Let n(t) = 13*t + 23 - 25 - 10*t. Calculate n(o).
10
Let a(c) be the third derivative of c**5/60 - c**4/2 + 13*c**3/6 + 12*c**2 - 2*c + 82. Suppose 0 = -5*w + 28 + 17. Give a(w).
-14
Let a(s) = 7*s - 1. Let d(r) = r**2 + 17*r + 28. Suppose 15 = w + 1. Let y be (-204)/w + (-30)/70. Let p be d(y). Determine a(p).
-15
Let i(a) be the first derivative of -1/2*a**2 + 3*a - 1. Let x(t) = t**3 - 36*t**2 + 40*t - 178. Let m be x(35). Calculate i(m).
6
Suppose 42 + 680 = -148*t + 2942. Let r(s) be the first derivative of 1/4*s**4 - t + 7/3*s**3 - 3*s**2 + 11*s. Determine r(-8).
-5
Let c(s) = -3*s + 125. Let g be c(41). Let t(p) be the first derivative of -25 + 4*p - 1/2*p**g. What is t(-5)?
9
Let n(h) = 174*h + 38. Let b(v) = 72*v + 15. Let q(t) = -12*b(t) + 5*n(t). Calculate q(-5).
-20
Let c(g) = g**2 + g - 16. Suppose 0 + 0 = 60*u. Determine c(u).
-16
Let a(b) = 6*b + 33. Let q(i) = 5*i + 35. Let w be q(-8). Let j be a(w). Let p(d) = -d**3 + d**2 + 3*d + 3. Calculate p(j).
-6
Let i be (-30)/10 + 4 + 2 + -1. Let r(q) = 4*q**i - 831 - 3*q**2 + q + 828. Calculate r(-3).
3
Let f(h) be the first derivative of h**3/3 - h**2/2 - h + 32. Let y(b) = -b**3 - 3*b**2 - 11*b - 10. Let x(d) = -3*f(d) + y(d). What is x(-5)?
8
Let o(m) = 3*m**3 - 11*m**2 + 2*m - 16. Let j(f) = f**2 + 20*f - 472. Let q be j(14). Give o(q).
8
Let w(i) = -39*i**2 - 5 + 16*i**2 + 4205*i + 15*i**2 - 4210*i. What is w(-1)?
-8
Let v(n) = n**2 + 5*n + 4. Suppose -3*c + 764 = 5*q - 7*q, 0 = 3*q + 3. Let p = 249 - c. Give v(p).
4
Let u(z) = -5*z**3 + 5*z**2 - 9*z - 4. Let p = 316 + -315. Let v(a) = a**3 + a + 2. Let k(d) = p*u(d) + 4*v(d). Calculate k(3).
7
Let v(q) be the second derivative of -q**4/12 - q**3/2 - q**2/2 + 2*q. Let z = 8166 + -8168. What is v(z)?
1
Let t(f) = -f**2 - 3*f + 59. Let p be (26/(-7) + (-2)/(-1))/((-86)/301). Give t(p).
5
Suppose 0 = -10*h - 15*h + 400. Let v(m) = -12 + m**3 + 3 - 25*m**2 + 6*m + h*m**2. What is v(8)?
-25
Let v = 1 + 2. Let i(y) be the second derivative of 0*y**2 - 1/6*y**4 + 33*y - 1/2*y**3 + 0 + 1/20*y**5. Give i(v).
0
Let r = 2 + -6. Let u be r/10 + 69/(-15). Let k(b) = -790*b + 6 + b**2 + 795*b - 4 - 4. What is k(u)?
-2
Let k(l) = -l**2 + 6*l + 1. Suppose 4*c = 5*x - 18, -2*x + 0*c = -4*c - 12. Let t be 3/5 + (x - 68/(-20)). What is k(t)?
1
Let l(w) = 22*w - 118. Suppose 371*g = 189*g + 910. What is l(g)?
-8
Let n = -118 - -99. Let h(x) = x + 33. Let j be h(n). Let c(w) = j + 1 + w - 22. Calculate c(7).
0
Let q(p) = -p**2 + 11*p + 11. Suppose -2*w = 2*w + 952. Let s = w + 246. What is q(s)?
35
Let m(i) = -7*i + 9. Let w(r) = 5 + 3*r - 19 + 12*r - 5*r. Let h(k) = 7*m(k) + 5*w(k). Let z = 887 - 881. Determine h(z).
-1
Let z(u) be the first derivative of -7*u**2/2 + 56*u + 2140. Determine z(6).
14
Let b(m) = 3069*m**2 - 41*m - 6133*m**2 + 3066*m**2 + 57. What is b(19)?
0
Let r(d) be the first derivative of d**4/12 - 5*d**3/6 + 2*d**2 - 54*d + 8. Let u(i) be the first derivative of r(i). What is u(6)?
10
Let w(l) = -3*l**2 + 4*l**2 + 12*l + 35 + 8*l. Suppose 0 = 2*v + 6*k - 5*k + 37, 3*k + 57 = -3*v. Let n be w(v). Let x(f) = -13*f**2 - f - 1. Determine x(n).
-13
Let d(q) be the first derivative of -q**3 - 8*q**2 - 6*q + 1973. Calculate d(-6).
-18
Let q(y) = -27 + 18 + 4*y + 12. Let a(u) = 21*u + 6. Let c(d) = -25*d - 7. Let b(g) = 6*a(g) + 5*c(g). Let l(s) = 5*b(s) - q(s). Calculate l(-9).
-7
Let o(i) = i. Let l be (-16)/(-4) + 3 - (-9)/(-3). Let k(t) = t - 1. Let s(m) = l*o(m) - k(m). Calculate s(3).
10
Let m(a) = -2*a**3 - 2*a**2 - 2*a - 2. Let n be (1 - (-2)/(-2)) + 5. Let c be 7/(-35) - (-820)/100. Suppose -n*q = -q + c. What is m(q)?
10
Let z(t) = 10 + 0*t**2 + 3*t - t**2 + t - 7. Suppose v + 5 = 2*g, -v - 2*v - 4 = 5*g. Suppose 3*q - 14 - g = 0. Give z(q).
-2
Suppose 0 = 2*j - 5*y + 56, -18*j + 17*j - 3*y - 39 = 0. Let d be (4 + -1)*1*11/j. Let l(c) = 1 - c + 3*c - c - 3*c**2. Calculate l(d).
-3
Let r(u) = u**2 + u + 28. Suppose 0 = -3*s - 7 + 13. Let b(o) = 15*o**2 + 13*o**s + 11*o + 10*o**2 - 37*o**2. Let w be b(-11). What is r(w)?
28
Let j(b) = -b - 2. Suppose 11*f + 10 = 10. Suppose f = -6*o - 19 + 55. What is j(o)?
-8
Let y = 8 - 15. Let x(f) be the first derivative of -1/2*f**2 + 9*f - 54. Determine x(y).
16
Let m(c) be the second derivative of -7 + c + 1/6*c**3 + 4*c**2. Determine m(-11).
-3
Let h(a) = -1395*a + 15341. Let y be h(11). Let f(l) be the second derivative of l**4/6 + l**3/2 + 3*l**2/2 - 2*l. What is f(y)?
23
Let i be (-400)/(-24)*-1*3*-1. Suppose 0*a = 2*a - i. Let s = a - 30. Let d(v) = -v**2 + 1. What is d(s)?
-24
Let w(z) = -295 + 139 + 14*z + 118 - z**2 + 159. Calculate w(20).
1
Let u(f) = 198*f**3 + 6*f**2 + 9*f + 2 - 88*f**3 - 111*f**3. Determine u(4).
70
Suppose 660*c - 655*c = 70. Let g(h) be the first derivative of -11 - 1/2*h**2 + c*h. Determine g(8).
6
Let a(c) = -6*c**3 + 1. Suppose -5*j = 2*v + 20, 5*v + 16*j - 14*j = -8. Suppose v*i = 5*i - 5. Give a(i).
-5
Let t(r) be the first derivative of 3*r**2/2 + 45*r + 817. Calculate t(14).
87
Let q = 7 - 2. Let t(c) be the second derivative of -c**5/20 + 7*c**4/12 - 7*c**3/6 + 7*c**2/2 + 5031*c. Give t(q).
22
Let y(l) = -l**2 - 16*l - 50. Let w(j) = 5*j**2 + 81*j + 252. Let q(a) = -2*w(a) - 11*y(a). Calculate q(-4).
6
Suppose 4*b + 2 = 6*b. Let x = 381 - 371. Let a(o) = -x*o**2 + 50*o**2 + o - 30*o**2. Give a(b).
11
Let s(x) = -x - 1. Let k(y) = 2*y - 5. Let g(p) = k(p) + 3*s(p). Suppose -2*a = 5*i - 27, -7*a - 15 = -8*a - 3*i. What is g(a)?
-14
Let d(b) = -8*b - 3. Let q(l) = -41*l - 16. Let r(y) = -11*d(y) + 2*q(y). Suppose 3*x - 4*j - 4 - 74 = 0, j = 0. Suppose 19 = 7*k + x. Calculate r(k).
-5
Suppose 18*r - 3*r = -15. Let t(j) = 7*j**3 + 5*j**2 - 12*j + 12. Let q(a) = -a**3 + a - 1. Let o(d) = r*t(d) - 6*q(d). Give o(-6).
-6
Let o(y) = 48*y - 93. Let f be o(2). Let n(d) = f*d + 1856 + 0*d - 5*d - 1878. Calculate n(0)